mmon factor of q and 57?
19
Suppose -3*h = m - 0*h - 20, 140 = 4*m - 3*h. Calculate the highest common divisor of 16 and m.
16
Let d(n) = -n**3 - 5*n**2 + 6*n + 4. Let k be d(-6). Suppose 3*c = 2 + k. Calculate the highest common divisor of c and 1.
1
Let g be 5 - (6 + (-5 - -3)). What is the highest common divisor of 4 and g?
1
Let q = 63 - 3. Let d be (20/(-6))/((-2)/24). What is the highest common factor of q and d?
20
Let d be 0*((-15)/(-6) - 2). Let l = 2 - d. Calculate the greatest common factor of l and 22.
2
Let q be (-18)/5*(-45)/2. Calculate the greatest common factor of 9 and q.
9
Suppose -k + 27 - 6 = 0. Calculate the greatest common divisor of k and 168.
21
Suppose -5*p = -4*m + 1611, p + 2*m + 68 = -243. Let s be (0 - -44)/(6/63). Let r = s + p. Calculate the highest common divisor of r and 13.
13
Suppose -5*j + 8 = -2. Let h be j + -1 + 3/(-3). Suppose h = 5*v + 3*c - c - 66, 3*c = 3*v - 48. Calculate the greatest common factor of 14 and v.
14
Suppose -6*q + 120 = -q. Suppose -2*u - 1 - 1 = 0. Let r be u + (-21)/(-3) + 0. What is the greatest common divisor of q and r?
6
Let g be 530/4 - (-6)/(-12). Calculate the greatest common divisor of g and 12.
12
Let m = 2 - -19. Calculate the highest common factor of m and 63.
21
Suppose 2 = 4*l - 2, 0 = v - 5*l - 11. Let o be 33/12 + (-2)/(-8). Suppose -644 + 260 = -o*w. Calculate the highest common divisor of w and v.
16
Suppose 7*w - 2*w = 15. Suppose w*g - 6 - 3 = 0, 5*i - 2*g = 129. Suppose 0*n - 9 = -n. What is the highest common divisor of i and n?
9
Let h = -7 + 15. Let r be (114/4)/(h/48). Calculate the greatest common factor of r and 19.
19
Suppose 5*q + 5*z - 480 = -0*q, 0 = 5*z. What is the highest common divisor of q and 12?
12
Let x = 250 + -174. What is the highest common divisor of 190 and x?
38
Let i be ((-5)/15)/((-3)/9)*15. Calculate the highest common factor of 3 and i.
3
Let z = -118 + 159. Calculate the highest common divisor of z and 123.
41
Let c = 49 - 21. Let d = 12 - c. Let q = 31 + d. What is the greatest common divisor of q and 10?
5
Let c be 1/(-2) - 408/(-16). What is the greatest common factor of c and 10?
5
Let n(z) = -z**2 + 3*z - 4. Let f be n(3). Let o be ((-22)/f)/((-3)/(-36)). Let k = 0 + 6. What is the highest common factor of o and k?
6
Suppose 5*c - 660 = -0*h + 2*h, -2*c + 5*h + 264 = 0. What is the highest common factor of c and 12?
12
Suppose -c = 3*g + 14, 0 = -2*g - c - 7 - 1. Let q be g/(-9) - 44/(-6). Calculate the greatest common factor of 12 and q.
4
Suppose -13*h - 240 = -19*h. Calculate the greatest common factor of 20 and h.
20
Suppose 0 = -k - 5 + 12. What is the highest common factor of 49 and k?
7
Suppose -728 = -5*t - 4*m, 0*m = -4*t + 3*m + 570. Let u = -79 + t. Suppose -2*w + 67 = 15. Calculate the greatest common factor of w and u.
13
Suppose 80 = -h + 3*h. Suppose 2*d = -3*d - h. Let l be (3/(-6))/(2/d). What is the highest common divisor of l and 8?
2
Suppose -5*q + 10 = -25. Suppose -3*p + q*p = 320. Calculate the highest common factor of p and 10.
10
Let a = 10 + 15. Calculate the highest common divisor of a and 5.
5
Let q(o) = -16*o - 16. Let m be q(-4). Calculate the greatest common factor of m and 96.
48
Let v(h) = -h**2 + 7*h. Let b be v(6). Let n(d) = d**3 - d**2 + 3*d + 3. Let m be n(3). Calculate the highest common divisor of b and m.
6
Let k be -1 + -2 + 3 + 9. What is the greatest common divisor of k and 9?
9
Let m be (-38)/(-6) + 2/(-6). Suppose -3*h + 34 = 4*v - m, 0 = v - 5*h - 10. What is the greatest common divisor of v and 30?
10
Let m = 36 - 29. Let r = -7 + 56. Calculate the greatest common divisor of m and r.
7
Let u(m) = 2*m - 2. Let d be u(5). Suppose 0 = 5*r - 4*h - 150, -4*h + 122 = 3*r - 0*r. Let g = r + -14. What is the greatest common divisor of g and d?
4
Let j be (-3)/6*2 - 1. Let d(q) = -9*q + 1. Let k be d(j). What is the highest common factor of 38 and k?
19
Let u = 4 - -8. Let r be ((-28)/(-10) - -2)*5. What is the highest common divisor of u and r?
12
Let s = -13 - -19. What is the greatest common divisor of 4 and s?
2
Suppose 4*g = 2*o - 4, -g + 4*o + 4 = g. Let h be (-3 + 1 - g)*-1. Suppose h = 4*p + p - 65. What is the greatest common divisor of 91 and p?
13
Let n = -223 - -431. Suppose 7*g = 5*g + n. What is the highest common divisor of g and 13?
13
Let i = -191 + 371. Let u(f) = 3*f**3 - f - 2. Let w be u(2). What is the greatest common divisor of w and i?
20
Let g = 33 + 4. Let i = -19 + g. Suppose 0 = -2*u, -2*u = -b - u + i. What is the greatest common divisor of b and 6?
6
Let c be (20/6)/(3/27). What is the highest common divisor of 12 and c?
6
Let d be (216/(-32))/((-1)/16). Suppose -2*m + 69 = 3*m - 3*f, -72 = -5*m + 4*f. Calculate the highest common factor of m and d.
12
Let v = 28 + -6. Calculate the highest common factor of v and 11.
11
Let i(b) = -b**3 + 4*b**2 + 7*b + 2. Let n be i(5). Let v be (-2 + 20/n)*-36. Calculate the greatest common divisor of v and 60.
12
Suppose 6*b - 3*b + 4*m - 43 = 0, 2*m - 2 = 0. Suppose -5*p + 12 = -53. Calculate the greatest common divisor of b and p.
13
Let v be (2/4)/(2/12). Suppose 5*f = 2*k + 3*f - 16, 0 = -3*k - f + 16. Calculate the greatest common divisor of k and v.
3
Let o(q) = -q**2 - q + 6. Let g(c) = c + 2. Let h be g(-5). Let z = -3 - h. Let i be o(z). What is the greatest common divisor of 30 and i?
6
Let q = 201 + -177. Let d = -7 - -1. Let o be (d/(-4))/((-2)/(-8)). What is the greatest common divisor of o and q?
6
Let l be (44/(-5))/((-38)/95). What is the highest common divisor of l and 66?
22
Let l = -31 - -33. What is the highest common factor of l and 3?
1
Let z be 2/(-3) + 155/3. Let k(o) = -4*o - 10. Let v be k(5). Let a = 47 + v. What is the highest common factor of z and a?
17
Suppose p - 72 = -3*p. What is the greatest common divisor of 12 and p?
6
Let p = 143 - 86. Suppose 2*o - 4*o = -38. What is the greatest common divisor of p and o?
19
Suppose 5*l + 5 = 15. Calculate the highest common divisor of l and 2.
2
Suppose -2*x + 13 = -k, 9 = 3*k - 6. Let g(z) = -2*z + 0*z - z - x. Let u be g(-8). Calculate the greatest common divisor of 15 and u.
15
Let f(z) = z**3 - 12*z**2 + 5*z + 3. Let q be f(12). Calculate the highest common factor of 7 and q.
7
Let u(l) = 0 - 1 + 3*l + 3*l**2 - 5*l + 0*l**2. Let t be u(-1). Let n be (6/t)/(2/80). Calculate the highest common factor of 12 and n.
12
Let y be (482/3)/(4/(-6)). Let q = -131 - y. Calculate the greatest common divisor of 44 and q.
22
Suppose -4*d + 173 + 189 = 2*x, 5*x = 2*d - 175. Calculate the greatest common factor of d and 36.
18
Suppose 0 = d - 3*y - 15 + 5, -2*y - 89 = -5*d. What is the highest common factor of 57 and d?
19
Let l be ((-1300)/(-78))/((-4)/(-6)). What is the greatest common divisor of 425 and l?
25
Let y be (-12)/(-3) + 5 + -2. Let a(n) = n**2 + 8*n + 12. Let q be a(-9). What is the highest common divisor of y and q?
7
Suppose 0*f - 2*f + 4 = 0. Let j(l) = 3*l. Let q be j(f). Suppose -2*s = 2 - q. Calculate the greatest common divisor of s and 16.
2
Let j be (-7)/((-21)/(-12)) + 15. What is the greatest common divisor of 99 and j?
11
Suppose p - 2 + 0 = 0. Suppose p*d + 3*d = 2*w - 168, 4*d = -2*w + 204. Suppose w = 3*f + 22. What is the highest common divisor of f and 36?
12
Let x = 29 + -19. Suppose 5*v = 5*w + 65, x*v - 5*v = -w + 53. What is the highest common factor of v and 99?
11
Suppose -5*c - 4*t + 224 = 0, 4*c - 88 = 2*c - 2*t. Calculate the greatest common divisor of c and 24.
24
Let x = 159 - 231. Let s be 6/2 + x/(-8). Calculate the greatest common factor of 48 and s.
12
Let r = -12 - -34. Let y be (4 - 3)/(1/11). Calculate the highest common factor of r and y.
11
Let i be 1 - 26/(8/(-4)). What is the highest common factor of i and 14?
14
Suppose -2*l - 3*l + 4*c + 30 = 0, -4 = 3*l + 2*c. Let a(q) = -q**l - 1 + 10 + 8*q + 0*q. Let h be a(8). What is the greatest common factor of 3 and h?
3
Let o = 64 - 32. What is the highest common factor of o and 4?
4
Suppose 0 = -2*n + 9 + 1, -2*n = -2*c - 22. Let o be (-106)/(-4) + c/(-4). What is the greatest common factor of o and 42?
14
Suppose 0 = 2*f + f. Suppose f*w = 5*w. Let m = 10 + w. What is the greatest common factor of m and 25?
5
Suppose -c + 8 = 4. Suppose 0 = -2*i + n - 3, 2*n + 